 + 892?
9a7
In base 4, what is 1013 + 213223?
220302
In base 5, what is -34104130 - 21?
-34104201
In base 3, what is -1212200010 + 12?
-1212122221
In base 6, what is -23021 + 13?
-23004
In base 7, what is 401461 + 5?
401466
In base 11, what is 127 + 557?
683
In base 2, what is -101110010 - -10010010?
-11100000
In base 8, what is -25363 + -4?
-25367
In base 8, what is 5 + -1021127?
-1021122
In base 9, what is -7565 + 362?
-7203
In base 5, what is -2 - -211111?
211104
In base 12, what is b5b8 + 5?
b601
In base 11, what is 1 + 746a?
7470
In base 9, what is 51 - 530?
-468
In base 15, what is 51 - -c4c?
c9d
In base 16, what is 13340 + 2?
13342
In base 8, what is -644770 + 11?
-644757
In base 11, what is -4183 - 12?
-4195
In base 6, what is 144 - -1302?
1450
In base 14, what is 186 + -3c?
148
In base 8, what is -16 + 326432?
326414
In base 15, what is 40 + -1bc8?
-1b88
In base 10, what is -28708 + 13?
-28695
In base 7, what is -10 + 42311?
42301
In base 9, what is -618 + 687?
68
In base 13, what is 866a - 9?
8661
In base 4, what is -131133 - -130?
-131003
In base 11, what is 1 + -8320?
-831a
In base 13, what is -4 - -118259?
118255
In base 10, what is 5 + -36113?
-36108
In base 16, what is 1127 - -41?
1168
In base 2, what is -10101001000101111 + -10?
-10101001000110001
In base 15, what is -29d + -130?
-3cd
In base 7, what is 21512 - -5?
21520
In base 4, what is 23001030 - 21?
23001003
In base 11, what is -483 - -28?
-456
In base 15, what is -840b + 0?
-840b
In base 6, what is 1 + 25045312?
25045313
In base 4, what is -1110230 + 1?
-1110223
In base 16, what is 3adc - -f?
3aeb
In base 16, what is ac - -3f4?
4a0
In base 7, what is 45 - -622?
1000
In base 11, what is -3455 + -987?
-4331
In base 15, what is 2 - -184b?
184d
In base 3, what is 1102101210220 - 12?
1102101210201
In base 6, what is -450 + -524?
-1414
In base 2, what is -10 + -1001110111011?
-1001110111101
In base 3, what is -1010002 - -2100?
-1000202
In base 11, what is -2 + 73024?
73022
In base 6, what is -1005531 + 10?
-1005521
In base 13, what is -38b49 + -1?
-38b4a
In base 10, what is -19750 + -8?
-19758
In base 6, what is 15 + 105530?
105545
In base 13, what is -187 + 36?
-151
In base 5, what is 301 + -132?
114
In base 10, what is -228801 + -5?
-228806
In base 11, what is -9518a7 - 3?
-9518aa
In base 14, what is da84 - -15?
da99
In base 10, what is 1496993 + 2?
1496995
In base 11, what is -1060a - -3?
-10607
In base 8, what is -136 - 234471?
-234627
In base 14, what is 1441d - -3?
14422
In base 6, what is 5 + 2434414?
2434423
In base 14, what is -1b086 - 4?
-1b08a
In base 3, what is -1200002002 + 11?
-1200001221
In base 14, what is 4095 - 7?
408c
In base 8, what is -20322 + -63?
-20405
In base 4, what is 3230222 + 2?
3230230
In base 2, what is 111100010010 + -10111?
111011111011
In base 6, what is -103 - -511233?
511130
In base 11, what is 100 - -755?
855
In base 16, what is -c6 - 184?
-24a
In base 12, what is -33 - 586?
-5b9
In base 6, what is -334051131 - 0?
-334051131
In base 16, what is -55 + 1134?
10df
In base 15, what is 1 + 4b12?
4b13
In base 5, what is 1301 + -4?
1242
In base 4, what is -12220101 + 111?
-12213330
In base 15, what is 1179 + 88?
1212
In base 13, what is 341 - a6?
268
In base 16, what is -8e5d6 + -3?
-8e5d9
In base 12, what is 16053 + -4?
1604b
In base 16, what is 2 - -5c4d?
5c4f
In base 9, what is -8 - -226267?
226258
In base 9, what is 5084 + -22?
5062
In base 15, what is 0 + 88848?
88848
In base 10, what is 3 + 464964?
464967
In base 15, what is a + bbb34?
bbb3e
In base 8, what is 202602 - 2?
202600
In base 7, what is 2611 - 1320?
1261
In base 16, what is 81 + -55?
2c
In base 5, what is 1120 - 343042?
-341422
In base 15, what is 2 - 16a9?
-16a7
In base 14, what is -3 - -23c2?
23bd
In base 16, what is -4e + -aa?
-f8
In base 11, what is -4 - 9184?
-9188
In base 15, what is 2772 + 1b?
278d
In base 7, what is -106303 + -310?
-106613
In base 14, what is 11 + c7b8?
c7c9
In base 2, what is -1000111101 + -10010001?
-1011001110
In base 4, what is 10223010 - 3?
10223001
In base 7, what is 6 - 5232?
-5223
In base 10, what is -27 + 90?
63
In base 7, what is -11 - 223322?
-223333
In base 11, what is 44a - -984?
1323
In base 8, what is 5 - 115527?
-115522
In base 3, what is -21002201 + 12?
-21002112
In base 5, what is 204 - 14140?
-13431
In base 3, what is 22 + 10002222112?
10002222211
In base 3, what is 200212 - 2221202?
-2020220
In base 11, what is -22a923 + 2?
-22a921
In base 8, what is 16 + 7577?
7615
In base 9, what is 837 - -12?
850
In base 5, what is -3 - -1032133?
1032130
In base 9, what is 5186 - -2?
5188
In base 3, what is 2001 + 200221?
202222
In base 8, what is 1503 + 77?
1602
In base 5, what is -2203 + -1112?
-3320
In base 7, what is -4 + 116431?
116424
In base 4, what is 11 - 303123?
-303112
In base 13, what is 20460 + 4b?
204ab
In base 11, what is 989 + -49a5?
-4017
In base 6, what is 1040 - 313?
323
In base 13, what is 97621 - 3?
9761b
In base 7, what is 213 + 5155?
5401
In base 14, what is -21 + 2639?
2618
In base 12, what is -1a34 + -25?
-1a59
In base 9, what is -57335 - -6?
-57328
In base 11, what is -2aaa + -6?
-3005
In base 14, what is 64621 - 4?
6461b
In base 16, what is -22d04 + 2?
-22d02
In base 2, what is -100 + 11000011001110111?
11000011001110011
In base 5, what is -1124 - 133102?
-134231
In base 3, what is -10 - -112001221?
112001211
In base 14, what is 28d + 54?
303
In base 5, what is -21201 + -2103?
-23304
In base 11, what is 5 + 5a95?
5a9a
In base 8, what is -6 - -376243?
376235
In base 4, what is 12 - -201332231?
201332303
In base 16, what is -3 - 179c?
-179f
In base 4, what is 123102 + 0?
123102
In base 11, what is -41 + 84?
43
In base 9, what is -53257 + 17?
-53240
In base 6, what is -2202 + -251?
-2453
In base 8, what is 102222 - 112?
102110
In base 5, what is -4 + -14203341?
-14203400
In base 13, what is -28b025 - -2?
-28b023
In base 13, what is -60 - 18b?
-21b
In base 16, what is 1a13a + -10?
1a12a
In base 13, what is 348 - -38a?
705
In base 3, what is 1221201 + 12010011?
21001212
In base 12, what is -2 + -8a4aa?
-8a4b0
In base 11, what is 132a11 + 2?
132a13
In base 13, what is -57636 + 1?
-57635
In base 5, what is -40 - 422014?
-422104
In base 3, what is -12 + -2121221012?
-2121221101
In base 3, what is 20100101012 + 11?
20100101100
In base 6, what is -10 + 13450454?
13450444
In base 11, what is -61 - 6964?
-6a15
In base 10, what is 3730 + 6?
3736
In base 11, what is -1 + 8541?
8540
In base 15, what is 20965 + 0?
20965
In base 5, what is -114002320 - -1?
-114002314
In base 3, what is 1221112002 - -1?
1221112010
In base 10, what is 1 - 346850?
-346849
In base 5, what is 102444241 - -2?
102444243
In base 14, what is 1 - 1d1604?
-1d1603
In base 4, what is 231000320 - -2?
231000322
In base 12, what is 8b8 - -468?
1164
In base 15, what is 1 - -1a6c?
1a6d
In base 11, what is -5 + -22443?
-22448
In base 6, what is 14 + -35355?
-35341
In base 4, what is 10 + -100020023?
-100020013
In base 12, what is 184637 - -4?
18463b
In base 6, what is 2 - -1435005?
1435011
In base 11, what is 627 + 406?
a32
In base 6, what is 2233 + 23?
2300
In base 2, what is 11000 - 110000?
-11000
In base 14, what is -1159 + 4?
-1155
In base 2, what is -111001001110101 + 10?
-111001001110011
In base 13, what is 6600 - -253?
6853
In base 13, what is 8 - 1046a?
-10462
In base 10, what is -26298 - 22?
-26320
In base 5, what is -11312 + -10?
-11322
In base 2, what is 111001010111100100010 - 10?
111001010111100100000
In base 16, what is -3 - -29d0e?
29d0b
In base 3, what is -2200 + 11212?
2012
In base 4, what is 103200 - 312010?
-202210
In base 11, what is 66697 - 2?
66695
In base 2, what is 1101111000010101 + 1000?
1101111000011101
In base 12, what is -3968 - -13?
-3955
In base 3, what is -10120 - 1111?
-12001
In base 16, what is 8f8 - 1?
8f7
In base 2, what is -10101 + 11110100101100?
11110100010111
In base 10, what is 475 + -197?
278
In base 11, what is -37 - -35635?
355a9
In base 10, what is 605 + 27?
632
In base 8, what is -41654 - 6?
-41662
In base 8, what is -10450 + 44?
-10404
In base 6, what is -3315 - -24?
-3251
In base 4, what is 210202201 - 10?
210202131
In base 5, what is -4 + -40122012?
-40122021
In base 10, what is -108114 + -4?
-108118
In base 16, what is 1 +